- l = -s. Let b = -31 + 50. Calculate the remainder when l is divided by b.
17
Suppose 0*z + 159 = 3*z. Calculate the remainder when z is divided by 14.
11
Suppose 9*o = 4*o. Let l = -1 + 5. Let y = l - o. What is the remainder when 6 is divided by y?
2
Suppose -3*b = 15, -3*a + 22 = -4*b + 2*b. Suppose 2*u + 70 = a*u. What is the remainder when u is divided by 12?
11
Suppose 0*y - 16 = -i + 4*y, i - 3*y - 15 = 0. Let u be (-2)/(-5) - 310/25. Let a = 33 + u. What is the remainder when a is divided by i?
9
Suppose -3*x + 3*m + 202 = 2*m, -72 = -x - 2*m. What is the remainder when x is divided by 12?
8
Let k = -404 - -446. Let b = -39 + 61. Calculate the remainder when k is divided by b.
20
Let m(z) = -z**3 - 7*z**2 - 7*z - 7. Let f be m(-6). Suppose 2*r = -5 + 9. What is the remainder when (1/f)/((-2)/8) is divided by r?
0
Let u(n) = -6 + 2*n**2 - n**2 + 1. What is the remainder when 31 is divided by u(-4)?
9
Suppose -2*t = 1 - 5. Let k be t/(-7) + 111/21. Let j(q) = -q**2 + 7*q - 7. What is the remainder when 8 is divided by j(k)?
2
Let a be (-1)/1*5/(-5). Let p(z) = -2*z**2 + z**3 + 0*z - a - 5*z + z. Calculate the remainder when p(4) is divided by 8.
7
Let f = -63 + 72. What is the remainder when 62 is divided by f?
8
Let z = -8 + 17. Let m(h) = h**2 - h + 16. What is the remainder when m(0) is divided by z?
7
Suppose 385 + 286 = 11*q. Calculate the remainder when q is divided by 22.
17
Suppose 15 = 2*d + 3*d. Suppose -a + d*h + 1 = 0, 3*a + 25 = 4*a + 5*h. What is the remainder when 18 is divided by a?
8
Suppose -r - 3*r + 88 = 0. What is the remainder when 123/12*-1*-4 is divided by r?
19
Suppose -3*y - 159 = -5*y - 3*s, s = 3. Calculate the remainder when y is divided by 26.
23
Suppose -k + 1 = -0*k. Let q = k - -7. Suppose 4*g = 11 + 9, -5*g + 112 = 3*z. Calculate the remainder when z is divided by q.
5
Let j be -4 + -58*3/(-6). Suppose o - 25 = -2*k, 8*o - j = 3*o. Calculate the remainder when 19 is divided by k.
9
Suppose -10 = 11*r - 12*r. Let u = r + -4. Calculate the remainder when 20 is divided by u.
2
Suppose 24 = 4*m - 20. Let o = 626 - 620. Calculate the remainder when m is divided by o.
5
Suppose 32*q - 36*q = -48. Let u(r) = 3*r**2 + 4*r + 2. Calculate the remainder when u(-4) is divided by q.
10
Let w be (3 - 2)*2/(-2). Let x(v) = -v. What is the remainder when 1 is divided by x(w)?
0
Suppose o - 21 = 3*u, 4*o - 71 - 13 = u. Calculate the remainder when 99 is divided by o.
15
Suppose -174 = -0*k - k. Let h = k - 115. What is the remainder when h is divided by 20?
19
Suppose 0*a + a - 2*i = -19, -a = 5*i - 16. Let r = a + 8. What is the remainder when 35 is divided by r + (-16 - 3)/(-1)?
17
Let a(x) = -x**2 - 10*x - 10. Suppose -s + 9 = -3*t, t - 2*t + 25 = s. What is the remainder when s is divided by a(-7)?
10
What is the remainder when 11 is divided by (7 + -6)/(2/6)?
2
Suppose 4*x - 3*i = 434, 5*x - 3*i - 365 = 179. Calculate the remainder when x is divided by 28.
26
Suppose -39 = -3*p + w + 55, 28 = p - w. Suppose 0 = -2*z - p + 5. Let d = 23 + z. What is the remainder when 17 is divided by d?
8
Let b = -6 - -6. Calculate the remainder when (1 - -1) + b + 31 is divided by 9.
6
Let q = -65 + 112. What is the remainder when q is divided by 10?
7
Let t(x) = -x**2 + 7*x + 5. Suppose 3*q = -0*q + 21. What is the remainder when 14 is divided by t(q)?
4
Suppose 4*r + 4 = 8. Calculate the remainder when (-5)/(2/(-6)*r) is divided by 8.
7
Let h(a) = -4*a + 48. What is the remainder when h(5) is divided by 16?
12
Let f(v) = -4 + 9*v**2 + v**3 + 0*v**2 + 0 - 3*v - 1. Calculate the remainder when 86 is divided by f(-9).
20
Suppose 4*p + o + 1 = 0, -2*p - 3*o - 14 = -p. Let z(r) = -r - 2. Let l be 5*(2 - (4 - 1)). Calculate the remainder when z(l) is divided by p.
0
Let t be 30/(9*(-2)/(-12)). Let b = t - 18. Calculate the remainder when 2 is divided by b.
0
Let d(f) = 5*f**2 + 4*f + 2*f - 3*f + 4. What is the remainder when d(-3) is divided by 14?
12
Let n(h) = 8 + 3*h + 4*h - 4*h - 22. What is the remainder when 14 is divided by n(6)?
2
Let w(m) = 4*m**3 - 2*m**2 + 2*m - 3. Let d be w(2). Let k = 42 - d. What is the remainder when k is divided by 10?
7
Suppose 2 + 10 = a. Let u be 20/3*a/10. Let k = u - 3. Calculate the remainder when 14 is divided by k.
4
Suppose -v + 9 - 2 = 0. Suppose -2*p + 44 = 4*o - 6*p, 2*o - v = -3*p. What is the remainder when 13 is divided by o?
5
Calculate the remainder when 1 - (3/(-6) + 0)*36 is divided by 7.
5
Let d(w) = 5*w**2 + 4*w + 8. Calculate the remainder when d(-2) is divided by 7.
6
Suppose -5*h - 36 = h. What is the remainder when 14 is divided by h/4*(-90)/27?
4
Calculate the remainder when (-4)/(-14) - (-2 - 1083/7) is divided by 32.
29
Let j = 72 - 45. Calculate the remainder when 159 is divided by j.
24
Suppose -5*w + 3*q + 231 = 0, -2*w + 186 = 2*w - 3*q. Let y = w - 30. What is the remainder when y is divided by 8?
7
Let a(o) = o**2 - 5*o. Let m be a(5). Suppose -4*h = -m*h - 152. Suppose -i + 6*n + 13 = n, 4*i - 52 = n. What is the remainder when h is divided by i?
12
Suppose -3*c + 24 = 105. Let u be (c/(-6))/((-3)/4). Let g(b) = -3*b - 8. Calculate the remainder when 29 is divided by g(u).
9
Suppose 5*g - 98 = 3*r, -3*r + 17 + 18 = 2*g. Suppose 0 = -m - 2*d - g + 3, -5*d - 100 = 5*m. Let w = 15 - m. What is the remainder when w is divided by 21?
18
Let m = -14 - -26. Let k = m + -10. Calculate the remainder when k is divided by 1.
0
Suppose 338 - 70 = 4*z. What is the remainder when z is divided by 23?
21
Let l(a) = a + 3. Let y be (-9)/(-2) - 1/2. Let h(p) = p**3 + 3*p**2 - 4*p + 3. Calculate the remainder when l(y) is divided by h(-4).
1
Suppose 0 = -2*o + 26 + 30. Suppose 4*z + 2*a - 28 = 12, 5*z - o = 3*a. Calculate the remainder when 31 is divided by 75/7 - z/(-28).
9
Let x = -32 + 64. What is the remainder when x is divided by 9?
5
Suppose -2*n + 4*t + 16 = 0, 4*t + t = -4*n + 58. Calculate the remainder when (-1 - -2)*2*n is divided by 9.
6
Suppose 4*c - d - 93 = 0, 0 = c + d - 2*d - 27. Suppose 0 = -v + 2*v - 64. What is the remainder when v is divided by c?
20
What is the remainder when 8 is divided by (-1)/7 + 180/35?
3
Suppose 0 = i - 65 + 37. Calculate the remainder when i is divided by 6.
4
Suppose -5*r + 92 = 5*k + 397, 3*r - 142 = 2*k. Let m = -22 - k. Calculate the remainder when m is divided by 1*17 - (-4)/(18/(-9)).
13
Suppose 5*f = 24 + 56. Let k = -56 - -103. Calculate the remainder when k is divided by f.
15
Let a be (-1 - 2)/6*-6. Suppose 18 = a*t - 0. Suppose -5*g - 6*k + 9 = -4*k, -k = 3*g - t. What is the remainder when 5 is divided by g?
2
Let r(m) = m**2 + 7*m + 10. Let u be r(-7). Let q = -4 + u. Calculate the remainder when 11 is divided by q.
5
Suppose -3*s + 5 + 31 = 0. Calculate the remainder when s is divided by 5.
2
Let n be (-3)/(-2)*(-6)/(-9). Let r be -2 + n + 2 + 43. Let j = 86 - r. Calculate the remainder when j is divided by 15.
12
Let t = 16 + -11. Let f(k) = k + 2. Calculate the remainder when f(t) is divided by 3.
1
What is the remainder when 4/(((-119)/98)/(-17)) is divided by (-1 - -5)*15/4?
11
Suppose 18 = 5*z - 4*w - 136, -3*w = 3. What is the remainder when z is divided by 11?
8
Let u = -38 + 64. What is the remainder when 100 is divided by u?
22
Suppose 0 = b + o + o - 45, b + 4*o = 35. Calculate the remainder when b is divided by 29.
26
Let u(z) = 3*z + 4. What is the remainder when -1*(-35 - (0 - 0)) is divided by u(5)?
16
Let i(u) = 6*u**2 - 1. Let q be 60/(-52) - (-2)/13. Calculate the remainder when 7 is divided by i(q).
2
Let j = 31 - 13. Calculate the remainder when 30 is divided by 148/j + 8/(-36).
6
Suppose 4*z = 19 + 25. Suppose 30*p = 15*p + 615. What is the remainder when p is divided by z?
8
Let n(c) = 5*c**2 - 3*c - 4. Let v be n(3). Let i = v + -21. What is the remainder when 20 is divided by i?
9
Suppose -29*o + 24*o = -460. Calculate the remainder when o is divided by 27.
11
What is the remainder when 173 is divided by 6/(9/(-66)*-1)?
41
Let b = 2 - -2. Let u(h) = -2*h**3 - h**2 + 3*h + 4. What is the remainder when u(-3) is divided by 58/4 + (-2)/b?
12
What is the remainder when 39 is divided by -3 - 0/(-1) - -14?
6
Let a(d) = -d**3 - 3*d**2 + d + 1. Let j(l) = l**2 + l + 1. Let f(v) = -a(v) + 2*j(v). Calculate t